{"id":1404,"date":"2016-04-12T18:02:54","date_gmt":"2016-04-13T00:02:54","guid":{"rendered":"http:\/\/valegal.com.mx\/eng\/?page_id=1404"},"modified":"2021-04-08T14:39:11","modified_gmt":"2021-04-08T20:39:11","slug":"abogados","status":"publish","type":"page","link":"http:\/\/valegal.com.mx\/eng\/nuestra-gente\/abogados\/","title":{"rendered":"Legal Associates"},"content":{"rendered":"<p>[et_pb_section bb_built=&#8221;1&#8243; specialty=&#8221;on&#8221; _builder_version=&#8221;3.0.47&#8243; next_background_color=&#8221;#000000&#8243;][et_pb_column type=&#8221;1_4&#8243;][et_pb_text admin_label=&#8221;Legal Associates&#8221; _builder_version=&#8221;3.19.14&#8243; background_size=&#8221;initial&#8221; background_position=&#8221;top_left&#8221; background_repeat=&#8221;repeat&#8221; use_border_color=&#8221;off&#8221; border_color=&#8221;#ffffff&#8221; border_style=&#8221;solid&#8221;]<\/p>\n<h1><span style=\"color: #5f9044;\">Legal Associates<br \/><\/span><\/h1>\n<p>[\/et_pb_text][\/et_pb_column][et_pb_column type=&#8221;3_4&#8243; specialty_columns=&#8221;3&#8243;][et_pb_row_inner admin_label=&#8221;Row&#8221; _builder_version=&#8221;3.0.47&#8243;][\/et_pb_row_inner][et_pb_row_inner admin_label=&#8221;Row&#8221; _builder_version=&#8221;3.0.47&#8243;][et_pb_column_inner type=&#8221;1_3&#8243; saved_specialty_column_type=&#8221;3_4&#8243;][et_pb_button admin_label=&#8221;Partners&#8221; button_url=&#8221;http:\/\/valegal.com.mx\/eng\/nuestra-gente\/&#8221; button_text=&#8221;Partners&#8221; button_alignment=&#8221;right&#8221; _builder_version=&#8221;3.16&#8243; custom_button=&#8221;on&#8221; button_text_color=&#8221;#5f9044&#8243; button_use_icon=&#8221;default&#8221; button_letter_spacing_hover=&#8221;0&#8243; button_text_size__hover_enabled=&#8221;off&#8221; button_one_text_size__hover_enabled=&#8221;off&#8221; button_two_text_size__hover_enabled=&#8221;off&#8221; button_text_color__hover_enabled=&#8221;off&#8221; button_one_text_color__hover_enabled=&#8221;off&#8221; button_two_text_color__hover_enabled=&#8221;off&#8221; button_border_width__hover_enabled=&#8221;off&#8221; button_one_border_width__hover_enabled=&#8221;off&#8221; button_two_border_width__hover_enabled=&#8221;off&#8221; button_border_color__hover_enabled=&#8221;off&#8221; button_one_border_color__hover_enabled=&#8221;off&#8221; button_two_border_color__hover_enabled=&#8221;off&#8221; button_border_radius__hover_enabled=&#8221;off&#8221; button_one_border_radius__hover_enabled=&#8221;off&#8221; button_two_border_radius__hover_enabled=&#8221;off&#8221; button_letter_spacing__hover_enabled=&#8221;on&#8221; button_letter_spacing__hover=&#8221;0&#8243; button_one_letter_spacing__hover_enabled=&#8221;off&#8221; button_two_letter_spacing__hover_enabled=&#8221;off&#8221; button_bg_color__hover_enabled=&#8221;off&#8221; button_one_bg_color__hover_enabled=&#8221;off&#8221; button_two_bg_color__hover_enabled=&#8221;off&#8221; \/][\/et_pb_column_inner][et_pb_column_inner type=&#8221;1_3&#8243; saved_specialty_column_type=&#8221;3_4&#8243;][et_pb_button admin_label=&#8221;Environmental and Social Technical Area&#8221; button_url=&#8221;http:\/\/valegal.com.mx\/eng\/nuestra-gente\/area-tecnica\/&#8221; button_text=&#8221;Environmental and Social Technical Area&#8221; button_alignment=&#8221;right&#8221; _builder_version=&#8221;3.19.14&#8243; custom_button=&#8221;on&#8221; button_text_color=&#8221;#5f9044&#8243; button_letter_spacing_hover=&#8221;0&#8243; button_text_size__hover_enabled=&#8221;off&#8221; button_one_text_size__hover_enabled=&#8221;off&#8221; button_two_text_size__hover_enabled=&#8221;off&#8221; button_text_color__hover_enabled=&#8221;off&#8221; button_one_text_color__hover_enabled=&#8221;off&#8221; button_two_text_color__hover_enabled=&#8221;off&#8221; button_border_width__hover_enabled=&#8221;off&#8221; button_one_border_width__hover_enabled=&#8221;off&#8221; button_two_border_width__hover_enabled=&#8221;off&#8221; button_border_color__hover_enabled=&#8221;off&#8221; button_one_border_color__hover_enabled=&#8221;off&#8221; button_two_border_color__hover_enabled=&#8221;off&#8221; button_border_radius__hover_enabled=&#8221;off&#8221; button_one_border_radius__hover_enabled=&#8221;off&#8221; button_two_border_radius__hover_enabled=&#8221;off&#8221; button_letter_spacing__hover_enabled=&#8221;on&#8221; button_letter_spacing__hover=&#8221;0&#8243; button_one_letter_spacing__hover_enabled=&#8221;off&#8221; button_two_letter_spacing__hover_enabled=&#8221;off&#8221; button_bg_color__hover_enabled=&#8221;off&#8221; button_one_bg_color__hover_enabled=&#8221;off&#8221; button_two_bg_color__hover_enabled=&#8221;off&#8221; \/][\/et_pb_column_inner][et_pb_column_inner type=&#8221;1_3&#8243; saved_specialty_column_type=&#8221;3_4&#8243;][et_pb_button admin_label=&#8221;Environmental Technical Coordination&#8221; button_url=&#8221;http:\/\/valegal.com.mx\/eng\/nuestra-gente\/area-social\/&#8221; button_text=&#8221;Environmental Technical Coordination&#8221; button_alignment=&#8221;right&#8221; _builder_version=&#8221;3.19.14&#8243; custom_button=&#8221;on&#8221; button_text_color=&#8221;#5f9044&#8243; button_letter_spacing_hover=&#8221;0&#8243; button_text_size__hover_enabled=&#8221;off&#8221; button_one_text_size__hover_enabled=&#8221;off&#8221; button_two_text_size__hover_enabled=&#8221;off&#8221; button_text_color__hover_enabled=&#8221;off&#8221; button_one_text_color__hover_enabled=&#8221;off&#8221; button_two_text_color__hover_enabled=&#8221;off&#8221; button_border_width__hover_enabled=&#8221;off&#8221; button_one_border_width__hover_enabled=&#8221;off&#8221; button_two_border_width__hover_enabled=&#8221;off&#8221; button_border_color__hover_enabled=&#8221;off&#8221; button_one_border_color__hover_enabled=&#8221;off&#8221; button_two_border_color__hover_enabled=&#8221;off&#8221; button_border_radius__hover_enabled=&#8221;off&#8221; button_one_border_radius__hover_enabled=&#8221;off&#8221; button_two_border_radius__hover_enabled=&#8221;off&#8221; button_letter_spacing__hover_enabled=&#8221;on&#8221; button_letter_spacing__hover=&#8221;0&#8243; button_one_letter_spacing__hover_enabled=&#8221;off&#8221; button_two_letter_spacing__hover_enabled=&#8221;off&#8221; button_bg_color__hover_enabled=&#8221;off&#8221; button_one_bg_color__hover_enabled=&#8221;off&#8221; button_two_bg_color__hover_enabled=&#8221;off&#8221; \/][\/et_pb_column_inner][\/et_pb_row_inner][\/et_pb_column][\/et_pb_section][et_pb_section bb_built=&#8221;1&#8243; _builder_version=&#8221;3.0.47&#8243; prev_background_color=&#8221;#000000&#8243;][et_pb_row _builder_version=&#8221;3.0.48&#8243; background_size=&#8221;initial&#8221; background_position=&#8221;top_left&#8221; background_repeat=&#8221;repeat&#8221;][et_pb_column type=&#8221;1_4&#8243;][et_pb_team_member admin_label=&#8221;Lic Guillermo&#8221; name=&#8221;Lic. Guillermo Rafael Garza Santos&#8221; position=&#8221;Legal Associates&#8221; icon_color=&#8221;#5f9044&#8243; _builder_version=&#8221;3.19.14&#8243; background_size=&#8221;initial&#8221; background_position=&#8221;top_left&#8221; background_repeat=&#8221;repeat&#8221; use_border_color=&#8221;off&#8221;]<\/p>\n<p style=\"text-align: justify;\"><span class=\"JLqJ4b ChMk0b\" data-language-for-alternatives=\"en\" data-language-to-translate-into=\"es\" data-phrase-index=\"0\">Law degree from the Free Law School of Monterrey, graduated with honors and academic excellence.<\/span> <span class=\"JLqJ4b ChMk0b\" data-language-for-alternatives=\"en\" data-language-to-translate-into=\"es\" data-phrase-index=\"1\">International exchange with a specialty in international law and environmental law at The John Marshall Law School in Chicago, Illinois.<\/span><\/p>\n<p style=\"text-align: right;\"><a href=\"http:\/\/valegal.com.mx\/eng\/nuestra-gente\/abogados\/lic-guillermo-rafael-garza-santos\/\"><span style=\"color: #86a42a;\">CV Completo<\/span><\/a><\/p>\n<p>[\/et_pb_team_member][\/et_pb_column][et_pb_column type=&#8221;1_4&#8243;][et_pb_team_member admin_label=&#8221;Lic. Luis Daniel &#8221; name=&#8221;Lic. Luis Daniel Villanueva G\u00f3mez&#8221; position=&#8221;Legal Associates&#8221; icon_color=&#8221;#5f9044&#8243; _builder_version=&#8221;3.19.14&#8243; background_size=&#8221;initial&#8221; background_position=&#8221;top_left&#8221; background_repeat=&#8221;repeat&#8221; use_border_color=&#8221;off&#8221;]<\/p>\n<p>Degree in Law from the National Autonomous University of M\u00e9xico (UNAM). He is currently in the process of obtaining a specialization in Environmental Law from the Faculty of Law of the National Autonomous University of M\u00e9xico.<\/p>\n<p style=\"text-align: right;\"><a href=\"http:\/\/valegal.com.mx\/eng\/nuestra-gente\/abogados\/lic-luis-daniel-villanueva-gomez\/\"><span style=\"color: #86a42a;\">CV Completo<\/span><\/a><\/p>\n<p>[\/et_pb_team_member][\/et_pb_column][et_pb_column type=&#8221;1_4&#8243;][\/et_pb_column][et_pb_column type=&#8221;1_4&#8243;][\/et_pb_column][\/et_pb_row][et_pb_row _builder_version=&#8221;3.0.48&#8243; background_size=&#8221;initial&#8221; background_position=&#8221;top_left&#8221; background_repeat=&#8221;repeat&#8221;][et_pb_column type=&#8221;4_4&#8243;][et_pb_divider color=&#8221;#ffffff&#8221; disabled_on=&#8221;on|on|off&#8221; _builder_version=&#8221;3.2&#8243; hide_on_mobile=&#8221;on&#8221; \/][et_pb_text _builder_version=&#8221;3.19.14&#8243;]<\/p>\n<h1>Pasantes<\/h1>\n<p>[\/et_pb_text][\/et_pb_column][\/et_pb_row][et_pb_row _builder_version=&#8221;3.0.48&#8243; background_size=&#8221;initial&#8221; background_position=&#8221;top_left&#8221; background_repeat=&#8221;repeat&#8221;][et_pb_column type=&#8221;1_4&#8243;][et_pb_team_member admin_label=&#8221;Rodr\u00edgo L\u00f3pez Mateos &#8221; name=&#8221;Rodr\u00edgo L\u00f3pez Mateos &#8221; position=&#8221;Legal Associates&#8221; icon_color=&#8221;#5f9044&#8243; _builder_version=&#8221;3.19.14&#8243; background_size=&#8221;initial&#8221; background_position=&#8221;top_left&#8221; background_repeat=&#8221;repeat&#8221; use_border_color=&#8221;off&#8221;]<\/p>\n<p style=\"text-align: justify;\">Student of the Faculty of Law of the National Autonomous University of Mexico (UNAM), currently in the seventh semester.<\/p>\n<p style=\"text-align: right;\"><span style=\"color: #86a42a;\"><a style=\"color: #86a42a;\" href=\"http:\/\/valegal.com.mx\/eng\/nuestra-gente\/abogados\/rodrigo-lopez-mateos\/\">CV Completo<\/a><\/span><\/p>\n<p>[\/et_pb_team_member][\/et_pb_column][et_pb_column type=&#8221;1_4&#8243;][et_pb_team_member admin_label=&#8221;Omar Jim\u00e9nez Z\u00e1rate&#8221; name=&#8221;Omar Jim\u00e9nez Z\u00e1rate&#8221; position=&#8221;Legal Associates&#8221; icon_color=&#8221;#5f9044&#8243; _builder_version=&#8221;3.19.14&#8243; background_size=&#8221;initial&#8221; background_position=&#8221;top_left&#8221; background_repeat=&#8221;repeat&#8221; use_border_color=&#8221;off&#8221;]<\/p>\n<p>Student of the Faculty of Law, campus Ciudad Universitaria of the National Autonomous University of M\u00e9xico. Currently in eighth semester.<\/p>\n<p style=\"text-align: right;\"><span style=\"color: #86a42a;\"><a style=\"color: #86a42a;\" href=\"http:\/\/valegal.com.mx\/eng\/nuestra-gente\/abogados\/omar-jimenez-zarate\/\">CV Completo<\/a><\/span><\/p>\n<p>[\/et_pb_team_member][\/et_pb_column][et_pb_column type=&#8221;1_4&#8243;][\/et_pb_column][et_pb_column type=&#8221;1_4&#8243;][\/et_pb_column][\/et_pb_row][et_pb_row _builder_version=&#8221;3.0.48&#8243; background_size=&#8221;initial&#8221; background_position=&#8221;top_left&#8221; background_repeat=&#8221;repeat&#8221;][et_pb_column type=&#8221;4_4&#8243;][et_pb_divider color=&#8221;#ffffff&#8221; disabled_on=&#8221;on|on|off&#8221; _builder_version=&#8221;3.2&#8243; hide_on_mobile=&#8221;on&#8221; \/][\/et_pb_column][\/et_pb_row][\/et_pb_section]<\/p>\n","protected":false},"excerpt":{"rendered":"<p>Legal Associates Partners Environmental and Social Technical Area Environmental Technical Coordination Lic. Guillermo Rafael Garza Santos Legal Associates Law degree from the Free Law School of Monterrey, graduated with honors and academic excellence. International exchange with a specialty in international law and environmental law at The John Marshall Law School in Chicago, Illinois. CV Completo [&hellip;]<\/p>\n","protected":false},"author":1,"featured_media":0,"parent":648,"menu_order":0,"comment_status":"closed","ping_status":"closed","template":"","meta":{"_et_pb_use_builder":"on","_et_pb_old_content":"","_et_gb_content_width":""},"_links":{"self":[{"href":"http:\/\/valegal.com.mx\/eng\/wp-json\/wp\/v2\/pages\/1404"}],"collection":[{"href":"http:\/\/valegal.com.mx\/eng\/wp-json\/wp\/v2\/pages"}],"about":[{"href":"http:\/\/valegal.com.mx\/eng\/wp-json\/wp\/v2\/types\/page"}],"author":[{"embeddable":true,"href":"http:\/\/valegal.com.mx\/eng\/wp-json\/wp\/v2\/users\/1"}],"replies":[{"embeddable":true,"href":"http:\/\/valegal.com.mx\/eng\/wp-json\/wp\/v2\/comments?post=1404"}],"version-history":[{"count":81,"href":"http:\/\/valegal.com.mx\/eng\/wp-json\/wp\/v2\/pages\/1404\/revisions"}],"predecessor-version":[{"id":2256,"href":"http:\/\/valegal.com.mx\/eng\/wp-json\/wp\/v2\/pages\/1404\/revisions\/2256"}],"up":[{"embeddable":true,"href":"http:\/\/valegal.com.mx\/eng\/wp-json\/wp\/v2\/pages\/648"}],"wp:attachment":[{"href":"http:\/\/valegal.com.mx\/eng\/wp-json\/wp\/v2\/media?parent=1404"}],"curies":[{"name":"wp","href":"https:\/\/api.w.org\/{rel}","templated":true}]}}